of 27*(-4)/12*-1?
9
Let v(b) = 2*b**2 + 9*b + 7. What is the tens digit of v(-7)?
4
Suppose 0 = -5*g - 0*g + 45. Let y = g - 5. What is the units digit of y?
4
What is the tens digit of (-1)/2*-2 - -94 - -4?
9
Let q = -20 + 31. Suppose 30 = 5*c - v - v, -q = c + 3*v. Suppose h + 2 = c. What is the units digit of h?
2
Suppose 0 = 4*m - 21 - 63. Let r be ((-1)/(-3))/((-7)/m). Let j = r + 7. What is the units digit of j?
6
Suppose 5*v + 5*p + 68 = 13, 2*v - 5*p = -1. Let a(o) = -o - 4. Let f be a(v). Suppose 0 = -3*z + f + 11. What is the units digit of z?
5
Suppose -2*g - 740 = -7*g. What is the units digit of g?
8
Let n(z) = 31*z - 2. Let a be n(4). Let m = 173 - a. What is the units digit of m?
1
Suppose 1 + 3 = h. Suppose -3*f = -h*f - j + 4, -4*f + 5*j + 34 = 0. What is the units digit of f?
6
Let s be 2*-3*(-3)/9. Let t be (s + -3 + 1)/1. Suppose t = 2*r + 3*r + 4*o - 6, 0 = 3*o + 3. What is the units digit of r?
2
Suppose -4*s = -4*b - 3 - 5, -4*s - b + 3 = 0. Suppose s = -2*h + 3. What is the units digit of h?
1
What is the tens digit of 6/(((-36)/(-39))/6)?
3
Let g = 71 - 29. What is the units digit of g?
2
Let j(w) = -w**2 - 9*w + 7. Let y be j(-10). Let d = 6 + -9. What is the tens digit of (-29)/d - y/9?
1
Let r(n) = -n**2 + 8*n + 1. What is the units digit of r(8)?
1
What is the tens digit of (-12)/(1/13*(-3)/6)?
1
Let d = 3 - 5. Let r(p) = -p**2 - 2*p. Let v be r(d). Suppose 27 = o + 5*h + 6, -h + 3 = v. What is the units digit of o?
6
Suppose s + 461 = 5*s - a, -2*a + 218 = 2*s. What is the tens digit of s?
1
Let a = -113 - -184. Suppose -5*r + 54 + a = 0. What is the tens digit of r?
2
Suppose -18 = 5*r - 393. What is the units digit of r?
5
Let h(x) = 21*x**2 + 2*x - 5. What is the hundreds digit of h(3)?
1
Suppose -2*u + 18 = -14. What is the units digit of u?
6
Suppose g + 3 - 8 = 0. Suppose 2*m - 48 = -2*m. Suppose -3*i + g*i = m. What is the units digit of i?
6
Suppose -5*j + o - 51 = -11, 0 = 5*j + o + 50. Let h = j - -25. Let q = 24 - h. What is the units digit of q?
8
Suppose 0 = -2*u - 0*u + 90. What is the tens digit of u?
4
Let r be 8/12*6/(-4). Let p(w) = 10*w**2 - 1. Let t be p(r). What is the units digit of 0 + t + (-15)/5?
6
Suppose 2*h = 2, -4*l - h + 29 = -2*l. What is the units digit of l?
4
Let t = 2 + 0. Suppose -t*n = -3*f, 0 = -4*n - 4*f + 19 + 1. What is the units digit of 6/(-4)*(-4)/n?
2
Suppose n - 6*n + a + 95 = 0, -3*n + a + 59 = 0. What is the units digit of n?
8
Let n = 10 - 5. Suppose -n*p + 115 = 3*b, -p + 4 = -3*b - 1. What is the tens digit of p?
2
Let s(z) = z**3 - 5*z**2 + 5*z + 3. Let x be s(5). Suppose 2*t = x + 8. Suppose 0 = -2*r + 4*r - t. What is the units digit of r?
9
Suppose 4*c + 3*l - 20 = 4*l, 2*c - 10 = -l. Let g(n) = 9*n - 14. Let o(u) = 5*u - 7. Let a(d) = 3*g(d) - 5*o(d). What is the units digit of a(c)?
3
Let q = 51 + -43. What is the units digit of q?
8
Suppose -2*v + 6*v = 4*p - 92, -3*p + 59 = -v. Let c = p + -8. What is the tens digit of c?
1
Let s = 57 - -32. What is the units digit of s?
9
Let m(p) = -4 - 3 + 4*p + 0 + 1. Let k = 1 + 4. What is the tens digit of m(k)?
1
Suppose 4*u + 203 = 3*n - 0*u, -2*u + 295 = 5*n. What is the units digit of n?
1
Let m = -13 + 37. Let o = m - 7. What is the tens digit of o?
1
Let y be ((-3)/2)/((-6)/(-56)). Let u be 34/10 - y/(-35). Suppose 7*p = u*p + 24. What is the units digit of p?
6
Suppose -63*y + 40 = -62*y. What is the units digit of y?
0
Let y be 8/3 - 2/3. Suppose b + b = 0. Suppose -f + r + 2 = -y, b = 3*r. What is the units digit of f?
4
Suppose 0 = 2*d + 2*a - 10, -5*d + 19 = -a - 0*a. Let j be d/(-6) + (-118)/(-6). Suppose 4*k = p - k - j, p - 7 = -k. What is the units digit of p?
9
Suppose g - 1 = 1. Let z = -10 - -17. Let b = z - g. What is the units digit of b?
5
Let j = 544 + -365. What is the tens digit of j?
7
Suppose 0 = -k + 5*a + 13, -4*a = -a + 6. Suppose 4*g - z - k*z = 80, 2*g - 46 = -4*z. What is the units digit of g?
1
Let g(c) = c**3 + 2*c**2 + c + 99. What is the tens digit of g(0)?
9
Let r = 17 - 11. Suppose -w - x + r*x - 4 = 0, 4*x = 5*w - 1. What is the units digit of w?
1
Let c(i) = -5*i**2 + 2*i - 2. Let n be c(-4). Let u = -56 - n. Suppose 0*r + 4*r + 4*v = 32, 4*r - u = -2*v. What is the units digit of r?
9
Suppose -3*u = -4*u + 2. Suppose -2*s = -3*v + 17, -v + 4*s - 15 = -u*v. Suppose 0 = -5*q + v - 2. What is the units digit of q?
1
Let t = 5 - 0. Suppose 0 = t*l - l - 4. What is the units digit of l?
1
Suppose -2*a = -6*a + 32. Let l = -2 + a. Let s(v) = v**3 - 5*v**2 - 3*v - 5. What is the units digit of s(l)?
3
Let d(w) = -w**3 + 11*w**2 + 2*w - 15. Let s be d(11). What is the units digit of (30/(-35))/((-1)/s)?
6
Let x be -2 + 41/(2/2). Suppose s = -2*s + x. What is the units digit of s?
3
Let t = -102 - -162. What is the tens digit of t?
6
What is the tens digit of (1 + 15)/4*17?
6
Suppose 5*y - 379 = -o, 0 = -4*y - o + 2*o + 296. Let d = y + -47. What is the units digit of d?
8
Let o = 1 + 1. Suppose 2*g - 7 = -5*z, 0 = -g - 4*z - 0*z + 5. Suppose -3*i + 3*j = -o*j - g, 3*j = 2*i - 1. What is the units digit of i?
2
Let v(l) = 69*l - 6. What is the units digit of v(2)?
2
Suppose -6*p = -3*l - p + 121, 0 = -5*p - 25. What is the tens digit of l?
3
Suppose 5*m - 30 = 20. What is the units digit of (-10)/(-1)*5/m?
5
Let w = 18 - -3. Let p(d) = -d - 3. Let i be p(8). Let u = w + i. What is the tens digit of u?
1
Suppose -21*b = -23*b + 232. What is the tens digit of b?
1
Let v be 25/(-10)*(-12)/15. Suppose 0 = -4*g + v*g + 20. What is the tens digit of g?
1
Let g(u) = -u**3 + 6*u**2 + u - 3. Let k be g(6). Suppose 52 = k*q - 5. What is the tens digit of q?
1
Let y be 15/1*7/21. Let r = 10 - y. What is the units digit of r?
5
What is the tens digit of 17*(-3 + -3 + 17)?
8
What is the tens digit of (-436)/(-10) + (-26)/(-65)?
4
Suppose u + 15 = -3*w - 9, 4*u - 2*w + 26 = 0. Suppose 0 = -3*h - q - 13, 2*h + 3*q + 5 = -13. Let a = h - u. What is the units digit of a?
6
Let p be (2/(-1) + 1)*5. Let h = 5 + p. What is the units digit of -2 + 9 + h + -1?
6
Suppose 4 + 5 = 3*k. What is the units digit of k?
3
Suppose 0 = 2*d - 36. Let v = d - -8. What is the units digit of v?
6
Let f be 101 + 1 + 3 + -1. Suppose 0*c + 1 = c, 5*k + 4*c = f. What is the units digit of k?
0
What is the units digit of (-48)/(-5) - (-27)/(-45)?
9
Let l(r) = -7 + 0*r + 6 + r + r**3 - 7*r**2. What is the units digit of l(7)?
6
Let z(i) = i**3 + 6*i**2 + 4*i + 2. What is the units digit of z(-4)?
8
Let w = -97 - -120. What is the tens digit of w?
2
Let o(l) = 6*l**2 + 3*l - 9. What is the tens digit of o(3)?
5
Let r(l) = -l**2 + 6*l + 8. What is the units digit of r(7)?
1
Suppose 4*q = -q + 15. Suppose 3*a = -8 - 19. Let w = q - a. What is the tens digit of w?
1
Let a be 65 + -1 + (0 - 1). Suppose 5*z - a = -13. What is the tens digit of z?
1
Let l = 2 - -1. Suppose l*o - 8 = -n, -4*o + n + 24 = -n. What is the units digit of o?
4
What is the units digit of (25/(-10))/5*(-1 + -387)?
4
Let x(n) be the second derivative of 0 + n - 2*n**2 + 1/6*n**3. What is the units digit of x(5)?
1
Let w(t) = 22*t - 2. Let k be w(4). Let l = k - 59. What is the tens digit of l?
2
Suppose -5*p = j + 24, p + 21 = -2*j - 0*j. Let c be -15*(-3 + (-24)/j). Suppose -80 = -c*t - 3*n, -3*t + 5*t + 4*n - 46 = 0. What is the units digit of t?
3
Let s(f) = f**2 + 18*f - 37. What is the tens digit of s(-23)?
7
Suppose -3*g + 4*a + 3 = 0, -2*a = -3*g + 2*g - 1. Let b = -25 + 38. Suppose -g*p + b = -7. What is the units digit of p?
4
Let n(j) = -7*j**2 - j + 7. Let l(w) = -3*w**2 - w + 3. Let c(m) = -5*l(m) + 2*n(m). What is the tens digit of c(5)?
3
Suppose 4*z - 336 = -5*t, z = 6*t - 2*t + 105. What is the tens digit of z?
8
Suppose -2*b - 2*k + 614 = 0, -3*b = -6*b - 5*k + 931. What is the tens digit of b?
0
Suppose -3*p - 3*p = -342. What is the tens digit of p?
5
Let q(p) = -2*p**2 + 2*p + 18. Let v be (2/(-2))/(4/20). Let c(w) = -w**2 + w + 9. Let n(t) = v*c(t) + 3*q(t). What is the units digit of n(0)?
9
Suppose -5*c + 3 = -7. What is the units digit of -30*((-4)/3)/c?
0
Let u(y) = 13*y**2. Let c be u(-1). Let g = c + 2. What is the units digit of g?
5
Let y(z) = -z**3 + 5*z**2 - 5*z + 4. Suppose 0 = 5*u - 7*u + 6. What is the units digit of y(u